 2*w = -j + 40, -4*w + 3*j + 40 = 0. What is the remainder when 88 is divided by w?
8
Suppose 32 = -3*a - 2*j, 3*a + 5*j + 0*j + 35 = 0. Let z be 22/a + 5/25. Let y(b) = -2*b**3 - 4*b**2 - 4*b - 3. What is the remainder when y(z) is divided by 3?
2
Let k(d) = 2*d**2 - 4. Let p be k(-5). Suppose 0 = -3*x + p - 4. What is the remainder when x is divided by 4?
2
Suppose p = -2*w + 19, -3*p + 2*w = -48 - 25. Calculate the remainder when 87 is divided by p.
18
Suppose 2*z = 4*z. Suppose z = -0*r + r - 52. Calculate the remainder when r is divided by 18.
16
Suppose -5*w = 28 - 113. Suppose 4*o - 3*o - w = 0. Calculate the remainder when 32 is divided by 0 + o/(3 + -2).
15
Suppose -5*v = 5*r - 20, r = 5*r - v + 9. What is the remainder when 9/(r - (-6)/4) is divided by 7?
4
Suppose -4*b + h + 10 + 7 = 0, -2*b - h + 7 = 0. Suppose 0 = -b*f + 26 + 38. Let q = -9 + f. Calculate the remainder when q is divided by 4.
3
Let y(d) = 21*d**2 + 2*d - 2. Calculate the remainder when 41 is divided by y(1).
20
Let l(b) = 17*b - 1. Suppose -2*c = -3*c + 3. Suppose k + 0*o = c*o + 45, 3*k = o + 95. Calculate the remainder when k is divided by l(1).
14
Let b be 2 + -2 - -2 - 0. Suppose a = -b*a + 24. Calculate the remainder when a is divided by 3.
2
Suppose -x - z = 15, -83 = 5*x - 5*z + 2. Let h be (-5)/(10/x) - 2. Let n = h - 1. Calculate the remainder when 14 is divided by n.
4
Let p = -5 + 18. Suppose 3*u - 47 - p = 0. What is the remainder when 58 is divided by u?
18
Let t = 33 + 184. Let h = -155 + t. Calculate the remainder when h is divided by 21.
20
Suppose 170 = 6*r - 34. Calculate the remainder when r is divided by 13.
8
Let s = 4 - 1. Suppose 2*f + 15 = -f, -4*r = -s*f - 19. What is the remainder when 1 - (2 - (1 + 1)) is divided by r?
0
Let t(g) = g**2 - 5. Let s(d) = d**2 - 6*d + 6. Let k be s(5). Let m = k + 3. What is the remainder when 32 is divided by t(m)?
10
Let t(n) = 30*n**3 + 5*n**2 - 5. Let i(c) = -31*c**3 - 6*c**2 + 6. Let x(h) = 4*i(h) + 5*t(h). Calculate the remainder when x(1) is divided by 1*(3 - (-4)/1).
5
Let g = 155 - 142. What is the remainder when 361 is divided by g?
10
Let f = 1 - -3. Let l = f - -6. What is the remainder when l is divided by 4?
2
Calculate the remainder when 26 is divided by -3 + 14 + 30/6.
10
Suppose 2*r = -2*r + 284. What is the remainder when r is divided by 24?
23
Suppose -32*b - 58 = -34*b. Calculate the remainder when 171 is divided by b.
26
Let x be ((-24)/16)/((-1)/186). What is the remainder when (3/9)/(3/x) is divided by 17?
14
Let h(o) = -10*o + 3*o**2 - 10*o**2 + 6*o**2 - 2. What is the remainder when 73 is divided by h(-7)?
16
Calculate the remainder when 6/(-4)*(-208)/12 is divided by 16.
10
What is the remainder when 3/((2/3)/2) is divided by ((-42)/(-4))/3*(-648)/(-378)?
3
Let s be 2 - (8/(-2) + 2). Suppose 0 = -n + s. Suppose 14 - 50 = -n*l. What is the remainder when 17 is divided by l?
8
Let z be (1 - 3)/((-4)/6). Suppose z*l - 15 = 2*l. Calculate the remainder when 27 is divided by l.
12
What is the remainder when 112 is divided by (-3)/(-1 - 54/(-57))?
55
What is the remainder when (6/(-5))/(16/(-1000)) is divided by 26?
23
Let j = 21 + -19. Suppose 4*t - 5*t = y - 11, 18 = 3*t - j*y. What is the remainder when 31 is divided by t?
7
Let h(v) = -v. Let g be h(-4). Suppose 47 + 5 = g*y. What is the remainder when 23 is divided by y?
10
Suppose -2*p = a - 1, 2*a + 2 + 8 = 2*p. Let l(d) = 13*d**2 - 2*d + 3. Calculate the remainder when l(p) is divided by 13.
12
Suppose 496 = 5*w - 4*r, -5*r = 3*w - 3*r - 302. What is the remainder when w is divided by 34?
32
Suppose 3*a - 3*i + 6 = 0, -5*a - i + 11 = -9. Suppose -3*b - a*s + 0*s + 33 = 0, 2*b - 2*s - 6 = 0. What is the remainder when 19 is divided by b?
5
Let p(f) = f**3 + 5*f**2 - 6*f + 4. Calculate the remainder when 55/15*3/1 is divided by p(-6).
3
Let r(u) = 3*u**2 + 10*u + 4. What is the remainder when 20 is divided by r(-4)?
8
Let q(b) = -b**2 - 9*b - 1. Suppose 32 = -3*p + 4*t, -2*t + 4*t - 36 = 4*p. Let l = -3 - p. What is the remainder when q(-7) is divided by l?
3
Let j(m) = m**2 + 8*m - 2. Let d be j(-8). Let p(v) = -2*v**3 - 4*v**2 + 3*v. Calculate the remainder when p(-4) is divided by 1*(d - 0) - -20.
16
Suppose -150 = -5*p + 4*j - 0*j, -4*j - 60 = -2*p. Calculate the remainder when 113 is divided by p.
23
Let s = -11 - 4. Let c = s + 36. What is the remainder when 81 is divided by c?
18
Let z(a) = -a - 8. Let x be z(-10). Suppose -5*f = x*g - 138, 4*g + 3*f - 307 = -g. Calculate the remainder when g is divided by 12.
11
Suppose 140 = -4*l + 468. Let k be 91/14 - (-3)/(-2). Suppose v - 4*v + l = k*b, 2*v + 2 = 0. Calculate the remainder when b is divided by 9.
8
Let m = -5 - -31. Calculate the remainder when m is divided by 9.
8
Let n be (-22)/99 - (-632)/9. Let h(d) = -40*d**3 - d**2 + d - 1. Let f be h(1). Let q = n + f. What is the remainder when q is divided by 15?
14
Let f = 26 - -95. Calculate the remainder when f is divided by 41.
39
Suppose 2*p - 35 = -5*j, 0 = -p + 5*j - 20. Let x = 26 - p. What is the remainder when x is divided by 11?
10
Suppose 0 = -4*k - 866 + 3674. Suppose k = 5*x + 67. Let c = -66 + x. What is the remainder when c is divided by 21?
19
What is the remainder when (0 + -3)*-1 + 25 is divided by 16?
12
Let q = -6 + 9. Suppose -t = -q*t + 12. Calculate the remainder when 10 is divided by t.
4
Suppose j + 1 - 13 = 0. What is the remainder when 21 is divided by j?
9
Let v be (18/4)/((-1)/(-4)). Let b = v + -7. What is the remainder when 31 is divided by b?
9
Let d(r) = -2*r + 9. Calculate the remainder when d(-7) is divided by 6.
5
Let m be (-3)/(204/64 + -3). Let f = 35 + m. What is the remainder when 56 is divided by f?
18
What is the remainder when 40 + 8/(-4) + 2 is divided by 14?
12
Calculate the remainder when 120/27*21 - 10/(-15) is divided by 48.
46
Suppose 111 = 2*j + j. Calculate the remainder when j is divided by 10.
7
Let z(l) = -l**3 + 8*l**2 - 6*l - 8. Suppose 3*q - 23 = 22. What is the remainder when z(6) is divided by q?
13
Suppose 2*s - 41 = 131. What is the remainder when s is divided by 22?
20
Let n(q) = 7*q**2 - 11 - 9*q**2 + 4*q + 3*q**2. Calculate the remainder when 38 is divided by n(-8).
17
Suppose 0 = 5*d - 2*d + 9. Let r(v) = v**3 + 5*v**2 + 5*v + 2. What is the remainder when 9 is divided by r(d)?
4
Suppose -4*s + 70 = s. Calculate the remainder when -4*1*(-53)/4 is divided by s.
11
Let v(r) = -r + 1. Let g be v(-1). Suppose -3*c - 1 = -g*c. What is the remainder when 3 is divided by 2/4*(c + 5)?
1
Let h = 19 - -21. Calculate the remainder when h is divided by 6.
4
Suppose 5*c = -25, 0*y - 4*y - 5*c + 307 = 0. What is the remainder when y is divided by 22?
17
Suppose 24 = 4*o - 2*o. Suppose -1 - 3 = -4*a. What is the remainder when 24 is divided by 3/a*52/o?
11
Let k be 2*-1*-3 + 2. Let f be 76/10 - k/(-20). Suppose 3*t - 34 = f. Calculate the remainder when 40 is divided by t.
12
Let l(n) be the first derivative of n**2/2 - n - 1. Let q be 3*-4*(-4)/24. Calculate the remainder when 1 is divided by l(q).
0
Let f be -2*(2 - 1)*-2. Calculate the remainder when 22 is divided by (-188)/(-16) - (-1)/f.
10
Let l(x) = -x**2 - 18*x - 1. What is the remainder when l(-13) is divided by 13?
12
Suppose -6*b - 157 + 475 = 0. What is the remainder when b is divided by 14?
11
Let g(t) = t**3 - 4*t**2 - 4. Let p be g(3). Let m = p - -18. Let s = -4 - -7. Calculate the remainder when m is divided by s.
2
Let f = 28 - 16. Calculate the remainder when f is divided by 8.
4
Let a(v) = -v**3 + 2*v**2 + 5*v - 2. Let z be a(3). Suppose -6 + 2 = -z*l. Calculate the remainder when 2 is divided by l.
0
Let i = 186 - 110. Let j = 110 - i. Let w = 53 - j. Calculate the remainder when w is divided by 10.
9
Let r be (-12)/9 - (-1)/3. What is the remainder when 34 is divided by 2*r/2*-12?
10
Let b = 14 - 9. Suppose -54 = -2*z - 5*f - 3, b*z = 2*f + 55. What is the remainder when 50 is divided by z?
11
Suppose -a - 19 = -4*p, -3*p = p + a - 29. Let j = 1 - 1. Suppose c - 3 - p = j. What is the remainder when 24 is divided by c?
6
Let o(j) = 2*j - 4. Let a be o(14). Calculate the remainder when 34 is divided by ((-9)/(-4))/(3/a).
16
Suppose -n = -2*o - 2*o - 23, 5 = 5*o. Let z be 1/((-28)/(-12) + -2). Let c(m)